when 42710622 is divided by 7118437.
0
Calculate the remainder when 95178 is divided by 47382.
414
What is the remainder when 11913 is divided by 5147?
1619
What is the remainder when 17823270 is divided by 201?
198
What is the remainder when 768772 is divided by 32023?
220
Calculate the remainder when 321766 is divided by 11489.
74
Calculate the remainder when 74779949 is divided by 1555.
1554
Calculate the remainder when 1636961 is divided by 15740.
1
Calculate the remainder when 1200530 is divided by 602.
142
Calculate the remainder when 167648 is divided by 11171.
83
Calculate the remainder when 1730895 is divided by 432704.
79
Calculate the remainder when 82895 is divided by 12251.
9389
What is the remainder when 263383591 is divided by 822?
817
What is the remainder when 199406 is divided by 9363?
2783
What is the remainder when 2288932 is divided by 856?
844
What is the remainder when 79776910 is divided by 771?
769
Calculate the remainder when 723384 is divided by 241069.
177
Calculate the remainder when 160383 is divided by 1061.
172
Calculate the remainder when 21181 is divided by 16482.
4699
Calculate the remainder when 971766 is divided by 20.
6
What is the remainder when 620 is divided by 205?
5
Calculate the remainder when 3904997 is divided by 40.
37
What is the remainder when 80054 is divided by 510?
494
What is the remainder when 916707 is divided by 6322?
17
Calculate the remainder when 32903082 is divided by 45954.
18
What is the remainder when 36204 is divided by 2301?
1689
Calculate the remainder when 412038248 is divided by 1625.
1623
What is the remainder when 6695598 is divided by 17950?
248
What is the remainder when 196852791 is divided by 98426368?
55
What is the remainder when 347926 is divided by 1303?
25
What is the remainder when 4034457 is divided by 5125?
1082
What is the remainder when 2012817 is divided by 1987?
1973
What is the remainder when 39443437 is divided by 704347?
5
What is the remainder when 168217 is divided by 735?
637
Calculate the remainder when 982549 is divided by 140362.
15
Calculate the remainder when 110487781 is divided by 41.
38
Calculate the remainder when 110042 is divided by 21926.
412
Calculate the remainder when 14302334 is divided by 599.
11
What is the remainder when 18652553 is divided by 6217515?
8
Calculate the remainder when 1968840 is divided by 16.
8
Calculate the remainder when 265211361 is divided by 53.
50
What is the remainder when 6855030 is divided by 6029?
57
Calculate the remainder when 5636364 is divided by 2206.
34
What is the remainder when 12746580 is divided by 58740?
0
What is the remainder when 23382221 is divided by 25723?
14
Calculate the remainder when 846519 is divided by 105779.
287
Calculate the remainder when 2716490 is divided by 19974.
26
What is the remainder when 39518162 is divided by 5?
2
Calculate the remainder when 1351382 is divided by 337813.
130
Calculate the remainder when 489569 is divided by 871.
67
What is the remainder when 348969 is divided by 3841?
3279
Calculate the remainder when 10662 is divided by 344.
342
Calculate the remainder when 33456 is divided by 24347.
9109
Calculate the remainder when 13341228 is divided by 103.
50
What is the remainder when 1252185 is divided by 8292?
93
Calculate the remainder when 302338 is divided by 5976.
3538
What is the remainder when 8536542 is divided by 80?
62
Calculate the remainder when 1605900 is divided by 869.
857
What is the remainder when 140601986 is divided by 1922?
1920
What is the remainder when 40877226 is divided by 35?
26
Calculate the remainder when 51452055 is divided by 10290410.
5
What is the remainder when 96145 is divided by 2598?
19
Calculate the remainder when 675515 is divided by 7087.
2250
Calculate the remainder when 1156292 is divided by 105112.
60
What is the remainder when 205466317 is divided by 295?
292
What is the remainder when 26075 is divided by 2368?
27
What is the remainder when 196560 is divided by 196500?
60
Calculate the remainder when 4860629 is divided by 1873.
194
Calculate the remainder when 1661081 is divided by 10580.
21
What is the remainder when 196864 is divided by 42?
10
Calculate the remainder when 14506808 is divided by 118.
6
What is the remainder when 37914691 is divided by 4786?
4785
Calculate the remainder when 41323661 is divided by 983896.
29
What is the remainder when 28213325 is divided by 84?
77
What is the remainder when 130046 is divided by 13001?
36
What is the remainder when 1813206 is divided by 2785?
171
Calculate the remainder when 1008363 is divided by 1809.
750
Calculate the remainder when 992884 is divided by 17.
16
What is the remainder when 13985 is divided by 1806?
1343
What is the remainder when 9436154 is divided by 3145383?
5
What is the remainder when 3774245 is divided by 300?
245
What is the remainder when 477855 is divided by 36743?
196
What is the remainder when 612172 is divided by 794?
792
What is the remainder when 39748 is divided by 39604?
144
Calculate the remainder when 56279646 is divided by 94.
60
Calculate the remainder when 471960 is divided by 268.
12
Calculate the remainder when 17736925 is divided by 3976.
3965
What is the remainder when 8714726 is divided by 84?
62
What is the remainder when 75965 is divided by 532?
421
What is the remainder when 12418070 is divided by 6209020?
30
What is the remainder when 13420 is divided by 4146?
982
What is the remainder when 6041741 is divided by 26383?
34
What is the remainder when 53985 is divided by 1849?
364
Calculate the remainder when 2298778 is divided by 3547.
322
What is the remainder when 8598486 is divided by 1702?
1684
Calculate the remainder when 11146 is divided by 69.
37
What is the remainder when 28755 is divided by 1908?
135
Calculate the remainder when 74505627 is divided by 200.
27
What is the remainder when 282300 is divided by 14366?
9346
Calculate the remainder when 269512 is divided by 269447.
65
Calculate the remainder when 25840823 is divided by 127.
6
Calculate the remainder when 2745722 is divided by 228806.
50
What is the remainder when 497530 is divided by 99491?
75
Calculate the remainder when 2245841 is divided by 1941.
104
Calculate the remainder when 232721 is divided by 116360.
1
Calculate the remainder when 90079 is divided by 279.
241
What is the remainder when 7293545 is divided by 87?
74
What is the remainder when 30052 is divided by 2141?
78
What is the remainder when 189631 is divided by 1170?
91
Calculate the remainder when 1105810 is divided by 287.
286
What is the remainder when 1281685 is divided by 1281671?
14
Calculate the remainder when 14339 is divided by 7086.
167
Calculate the remainder when 2341569 is divided by 55.
54
Calculate the remainder when 26066434 is divided by 2182.
262
What is the remainder when 1977093 is divided by 19?
10
What is the remainder when 33115700 is divided by 71679?
2
Calculate the remainder when 676 is divided by 434.
242
What is the remainder when 9599237 is divided by 197?
18
What is the remainder when 39653 is divided by 239?
218
What is the remainder when 4921958 is divided by 165?
8
Calculate the remainder when 2198191 is divided by 2198175.
16
What is the remainder when 2896314 is divided by 111395?
44
Calculate the remainder when 4786437 is divided by 53.
7
What is the remainder when 1760142 is divided by 4103?
4058
Calculate the remainder when 329427 is divided by 759.
21
What is the remainder when 12531 is divided by 4559?
3413
What is the remainder when 1016932 is divided by 37641?
625
Calculate the remainder when 507670327 is divided by 19.
17
Calculate the remainder when 54412 is divided by 59.
14
Calculate the remainder when 6172092 is divided by 59.
43
Calculate the remainder when 17877842 is divided by 31.
18
What is the remainder when 102364 is divided by 684?
448
Calculate the remainder when 14171651 is divided by 13653.
13490
Calculate the remainder when 2229043 is divided by 532.
495
Calculate the remainder when 5081277 is divided by 63515.
77
What is the remainder when 255135 is divided by 84125?
2760
What is the remainder when 5634609 is divided by 5634608?
1
Calculate the remainder when 52365 is divided by 52222.
143
Calculate the remainder when 964580 is divid